6211?
-16641
In base 14, what is 65516c + 4?
655172
In base 10, what is 87 + -245?
-158
In base 5, what is 2432303 + 3?
2432311
In base 3, what is -22010 - -20201?
-1102
In base 8, what is -1 + -101341?
-101342
In base 4, what is -2 + -22213030?
-22213032
In base 7, what is 45004 - 6?
44665
In base 11, what is -4 + 4546?
4542
In base 13, what is 1a801 - 4?
1a7ca
In base 5, what is -233040 - 1?
-233041
In base 13, what is -2c55 + -43?
-2c98
In base 12, what is -303 + b54?
851
In base 11, what is 4 - -423720?
423724
In base 6, what is 3422 + 10035?
13501
In base 9, what is 5 + 65362?
65367
In base 10, what is -3 - 499671?
-499674
In base 12, what is 389 - -85a?
1027
In base 15, what is -1b16 - 5?
-1b1b
In base 11, what is -77 - -3887?
3810
In base 10, what is -113378 - 1?
-113379
In base 6, what is 3550 + 41444?
45434
In base 5, what is 13 - -230411?
230424
In base 16, what is 1c - -b9?
d5
In base 11, what is -1 - 17966?
-17967
In base 8, what is 266326 - 4?
266322
In base 9, what is 6 - -270128?
270135
In base 7, what is -4 + -6161?
-6165
In base 6, what is -240 + 1053?
413
In base 11, what is 1386 + 1004?
238a
In base 5, what is -1 - -21431043?
21431042
In base 7, what is 14 - 515234?
-515220
In base 8, what is -4 + -141276?
-141302
In base 8, what is 0 - -126012?
126012
In base 3, what is 200021021 - -10012?
200101110
In base 9, what is -1208 - -83?
-1115
In base 11, what is 14585 + 28?
14602
In base 13, what is -455 + -3bc?
-844
In base 13, what is -1 + 8893?
8892
In base 8, what is -52122 + 45?
-52055
In base 6, what is -4152 - 42?
-4234
In base 12, what is -22 - 2105?
-2127
In base 7, what is -3 + 2414634?
2414631
In base 5, what is -111212440 + 10?
-111212430
In base 9, what is -605033 - 3?
-605036
In base 14, what is 4 + 1aa7c?
1aa82
In base 13, what is 14 - bc1?
-baa
In base 13, what is -22 - 13980?
-139a2
In base 3, what is -11202 - 2010122?
-2022101
In base 3, what is 2222121 + 110110?
10110001
In base 12, what is 2 - -91957?
91959
In base 11, what is -16 - -1921a?
19204
In base 9, what is -36171 - 3?
-36174
In base 10, what is 1077995 + 4?
1077999
In base 4, what is 2113321013 - 11?
2113321002
In base 7, what is -2 - -323?
321
In base 9, what is 10312 - 24?
10277
In base 3, what is 101020 + -12122201?
-12021111
In base 7, what is 10 + 141545?
141555
In base 15, what is ce8 - -6?
cee
In base 7, what is -150434 + 4?
-150430
In base 12, what is -4 - -1616?
1612
In base 13, what is -381 - -566?
1b5
In base 8, what is -170661 - 3?
-170664
In base 5, what is 1012301 - 114?
1012132
In base 6, what is -24050322 + 4?
-24050314
In base 12, what is 34 - -14a?
182
In base 8, what is -24 - -70653?
70627
In base 8, what is -1336 - -2573?
1235
In base 2, what is 11 - 1111011101100?
-1111011101001
In base 12, what is -b0 + 767?
677
In base 12, what is -a + -1853?
-1861
In base 3, what is -2010 - 10222101?
-11001111
In base 8, what is -2 - -114203?
114201
In base 8, what is -22 - -505?
463
In base 12, what is -33b4 - 30?
-3424
In base 16, what is -5 - -44?
3f
In base 10, what is 98 - 54?
44
In base 14, what is 7 - 6530?
-6527
In base 16, what is -3 - -16?
13
In base 10, what is -16 - -737?
721
In base 16, what is -d - fbe?
-fcb
In base 2, what is -111010 - -1100101110110000?
1100101101110110
In base 13, what is -2470 + 5?
-2468
In base 15, what is -18025a + 1?
-180259
In base 11, what is 123aa5 + -3?
123aa2
In base 12, what is -9a + -31?
-10b
In base 3, what is -101101 + -10100012?
-10201120
In base 3, what is 12002220 + -212?
12002001
In base 12, what is 0 + -12b68?
-12b68
In base 10, what is -128 - -164?
36
In base 12, what is -3 + 373b1?
373aa
In base 14, what is -4 + 18c8b?
18c87
In base 9, what is -5 + 30254?
30248
In base 7, what is 60250 - -1?
60251
In base 6, what is 104 + 23101?
23205
In base 3, what is 1120221 - -1001212?
2122210
In base 11, what is -1607a7 + 5?
-1607a2
In base 2, what is -111 + 1000110001000111001?
1000110001000110010
In base 11, what is 2 - 7460?
-7459
In base 12, what is 3 + 3895?
3898
In base 3, what is -1110221211 + -21?
-1110222002
In base 11, what is 20312 + -8?
20305
In base 12, what is -3 - -4b483?
4b480
In base 11, what is 79 + 9145?
9213
In base 11, what is 21713 - -6?
21719
In base 6, what is 1153534 + 1?
1153535
In base 8, what is -13 + -15554?
-15567
In base 3, what is -12 - -22220221?
22220202
In base 6, what is 15115252 + -1?
15115251
In base 5, what is -3 + -21004443?
-21010001
In base 10, what is -20 + -905?
-925
In base 12, what is -22b + 890?
661
In base 14, what is 0 + 9452?
9452
In base 16, what is -199 + -707?
-8a0
In base 16, what is f7 + fe2?
10d9
In base 5, what is 12 + 3404302?
3404314
In base 16, what is 0 + -785a?
-785a
In base 11, what is -4 + 1162?
1159
In base 15, what is -a8 + -3b?
-e4
In base 9, what is 1 + 36788?
36800
In base 7, what is 4 - 10152163?
-10152156
In base 3, what is 10022211212 + 10?
10022211222
In base 13, what is 1 - 1b52ba?
-1b52b9
In base 8, what is 722 + -52?
650
In base 4, what is 1222 - 323100?
-321212
In base 8, what is -53 + -1030?
-1103
In base 2, what is -110010100000 - 101000?
-110011001000
In base 13, what is -1 - -246710?
24670c
In base 3, what is 20 - 1011100?
-1011010
In base 16, what is -13 + -a637?
-a64a
In base 14, what is 2879 + -112?
2767
In base 4, what is 2002303223 - 10?
2002303213
In base 3, what is 12010 - -1221012?
2010022
In base 3, what is 2 + 122002010222?
122002011001
In base 14, what is -12d + 130?
1
In base 2, what is 1100 + 1101001000?
1101010100
In base 15, what is -d04 - 14?
-d18
In base 13, what is -13 + baa?
b97
In base 13, what is -3ba2 - 19?
-3bbb
In base 16, what is 2934 - 5?
292f
In base 8, what is 134765 + 4?
134771
In base 10, what is 4 + 37326?
37330
In base 5, what is -12 - -2030020?
2030003
In base 12, what is 43098 - -5?
430a1
In base 8, what is -323663 - 4?
-323667
In base 13, what is 2 - 244c2?
-244c0
In base 4, what is 0 - 3230002021?
-3230002021
In base 5, what is -13042 + -1201?
-14243
In base 5, what is 2 - -20023?
20030
In base 11, what is 3 - -1915?
1918
In base 4, what is 10311 - -120232?
131203
In base 12, what is -1503 - 1b2?
-16b5
In base 3, what is -2 + 1012022002011?
1012022002002
In base 8, what is -21412 + 520?
-20672
In base 5, what is -2413 + 442423?
440010
In base 9, what is -1454 + 28?
-1425
In base 15, what is 1162 + 26?
1188
In base 3, what is -112212021222210 - -11?
-112212021222122
In base 15, what is 6c + -2978?
-290b
In base 5, what is -40 + -4411112?
-4411202
In base 10, what is 21 + 42964?
42985
In base 5, what is 13 - -131220?
131233
In base 14, what is -2598 - 7?
-25a1
In base 10, what is 7791 - -30?
7821
In base 4, what is -2132302 - 122?
-2133030
In base 15, what is -1 - 40a9?
-40aa
In base 14, what is 45870 + -5?
45869
In base 4, what is 2 - -3203130?
3203132
In base 14, what is -6 + -1d51?
-1d57
In base 10, what is 3 - 116?
-113
In base 8, what is -1 + 4056000?
4055777
In base 7, what is -1662 + 53410?
51415
In base 8, what is 173532 - -127?
173661
In base 9, what is 12 + -25358?
-25346
In base 13, what is -3 + -5646?
-5649
In base 4, what is -21 + -101022?
-101103
In base 2, what is 100001110110 + -1101?
100001101001
In base 13, what is 137a7 + -5?
137a2
In base 2, what is 101100101 + -11000010000101?
-10111100100000
In base 8, what is 230157 + -11?
230146
In base 15, what is -5 - 2e0e?
-2e14
In base 16, what is ba - 1b9?
-ff
In base 11, what is -14a51 + 0?
-14a51
In base 11, what is 2449 - a26?
1523
In base 13, what is -11c3149 + -2?
-11c314b
In base 12, what is 15215 + 1?
15216
In base 9, what is 106484 + 4?
106488
In base 14, what is -a + -239?
-245
In base 4, what is -20 - -12110?
12030
In base 14, what is -674808 - 3?
-67480b
In base 5, what is 12 - -1233031?
1233043
In base 2, what is 11011 + -110110001000100?
-110110000101001
In base 6, what is 13 + 20155?
20212
In base 2, what is 1111100110111110010 + -100?
1111100110111101110
In base 14, what is -241 + -142?
-383
In base 6, what is -31 + -1050405?
-1050440
In base 6, what is 55502 + -122?
55340
In base 12, what is -6 - 5133?
-5139
In base 8, what is 20 - -35407?
35427
In base 15, what is 50580 - -3?
50583
In base 5, what is 10 - 11144433?
-11144423
In base 4, what is 302012 + -22?
301330
In base 14, what is 249 + -1762?
-1517
In b